{"id":5590,"date":"2019-11-15T14:39:45","date_gmt":"2019-11-15T12:39:45","guid":{"rendered":"http:\/\/www.lespapiersdelespoir.fr\/?page_id=5590"},"modified":"2024-05-07T12:23:33","modified_gmt":"2024-05-07T10:23:33","slug":"medias-2","status":"publish","type":"page","link":"https:\/\/www.lespapiersdelespoir.fr\/?page_id=5590","title":{"rendered":"M\u00e9dias"},"content":{"rendered":"<section class=\"l-section wpb_row height_medium with_video with_overlay\"><div class=\"l-section-video\"><video loop=\"loop\" autoplay=\"autoplay\" preload=\"auto\"><source type=\"video\/mp4\" src=\"https:\/\/www.lespapiersdelespoir.fr\/wp-content\/uploads\/2014\/10\/TVE_papiers-de-l-espoir_000015HM_bleu.mp4\" \/><\/video><\/div><div class=\"l-section-overlay\" style=\"background-color: rgba(204,219,0,0.64)\"><\/div><div class=\"l-section-h i-cf\"><div class=\"g-cols offset_medium\"><div class=\" full-width\"><div class=\"wpb_text_column \"><div class=\"wpb_wrapper\">\n<h1 style=\"text-align: center;\"><span style=\"color: #ffffff;\">M\u00e9dias<\/span><\/h1>\n<\/div> <\/div> <\/div><\/div><\/div><\/section><!-- Row Backgrounds --><div class=\"upb_content_video\" data-controls-color=\"\" data-controls=\"\" data-viewport-video=\"false\" data-ultimate-video=\"https:\/\/www.dailymotion.com\/video\/x27fcfg\" data-ultimate-video2=\"\" data-ultimate-video-muted=\"muted\" data-ultimate-video-loop=\"loop\" data-ultimate-video-poster=\"\" data-ultimate-video-autoplay=\"autoplay\" data-bg-override=\"0\" data-upb-overlay-color=\"\" data-upb-bg-animation=\"\" data-fadeout=\"\" data-fadeout-percentage=\"30\" data-parallax-content=\"\" data-parallax-content-sense=\"30\" data-row-effect-mobile-disable=\"true\" data-rtl=\"false\" data-img-parallax-mobile-disable=\"true\"  data-custom-vc-row=\"\"  data-vc=\"7.6\"  data-theme-support=\"\"   data-overlay=\"false\" data-overlay-color=\"\" data-overlay-pattern=\"\" data-overlay-pattern-opacity=\"\" data-overlay-pattern-size=\"\"     data-video_fixer=\"true\"><\/div><section class=\"l-section wpb_row height_medium\"><div class=\"l-section-h i-cf\"><div class=\"g-cols offset_medium\"><div class=\" full-width\"><div class=\"w-tabs layout_default icon_chevron iconpos_right \"><div class=\"w-tabs-list items_2\"><div class=\"w-tabs-list-h\"><div class=\"w-tabs-item active\"><a href=\"#1528918830594-7b1a9ac9-91f1\" class=\"w-tabs-item-h\"><span class=\"w-tabs-item-title\">Presse \u00e9crite<\/span><\/a><\/div>\n<div class=\"w-tabs-item\"><a href=\"#1528918830729-c95d78ad-ba97\" class=\"w-tabs-item-h\"><span class=\"w-tabs-item-title\">T\u00e9l\u00e9vison<\/span><\/a><\/div>\n<\/div><\/div><div class=\"w-tabs-sections\"><div class=\"w-tabs-sections-h\"><div class=\"w-tabs-section active\" id=\"1528918830594-7b1a9ac9-91f1\"><a href=\"#1528918830594-7b1a9ac9-91f1\" class=\"w-tabs-section-header\"><div class=\"w-tabs-section-header-h\"><h5 class=\"w-tabs-section-title\">Presse \u00e9crite<\/h5><div class=\"w-tabs-section-control\"><\/div><\/div><\/a><div class=\"w-tabs-section-content\"><div class=\"w-tabs-section-content-h i-cf\"><div class=\"w-gallery layout_masonry cols_2 with_indents link_media animate_revealgrid\"><div class=\"w-gallery-list\"><a class=\"w-gallery-item order_1 animate_reveal\" href=\"https:\/\/www.lespapiersdelespoir.fr\/wp-content\/uploads\/2024\/04\/20240419_121135-scaled.jpg\" title=\"20240419_121135\"><img loading=\"lazy\" decoding=\"async\" width=\"600\" height=\"554\" src=\"https:\/\/www.lespapiersdelespoir.fr\/wp-content\/uploads\/2024\/04\/20240419_121135-600x554.jpg\" class=\"w-gallery-item-img\" alt=\"\" srcset=\"https:\/\/www.lespapiersdelespoir.fr\/wp-content\/uploads\/2024\/04\/20240419_121135-600x554.jpg 600w, https:\/\/www.lespapiersdelespoir.fr\/wp-content\/uploads\/2024\/04\/20240419_121135-300x277.jpg 300w, https:\/\/www.lespapiersdelespoir.fr\/wp-content\/uploads\/2024\/04\/20240419_121135-833x768.jpg 833w, https:\/\/www.lespapiersdelespoir.fr\/wp-content\/uploads\/2024\/04\/20240419_121135-768x708.jpg 768w, https:\/\/www.lespapiersdelespoir.fr\/wp-content\/uploads\/2024\/04\/20240419_121135-1536x1417.jpg 1536w, https:\/\/www.lespapiersdelespoir.fr\/wp-content\/uploads\/2024\/04\/20240419_121135-2048x1889.jpg 2048w\" sizes=\"auto, (max-width: 600px) 100vw, 600px\" \/><span class=\"w-gallery-item-hover\"><\/span><span class=\"w-gallery-item-title\">20240419_121135<\/span><\/a><a class=\"w-gallery-item order_2 animate_reveal\" href=\"https:\/\/www.lespapiersdelespoir.fr\/wp-content\/uploads\/2022\/11\/2022-07-14-ouest-france-001-scaled.jpg\" title=\"2022-07-14-ouest-france-001\"><img loading=\"lazy\" decoding=\"async\" width=\"600\" height=\"502\" src=\"https:\/\/www.lespapiersdelespoir.fr\/wp-content\/uploads\/2022\/11\/2022-07-14-ouest-france-001-600x502.jpg\" class=\"w-gallery-item-img\" alt=\"\" srcset=\"https:\/\/www.lespapiersdelespoir.fr\/wp-content\/uploads\/2022\/11\/2022-07-14-ouest-france-001-600x502.jpg 600w, https:\/\/www.lespapiersdelespoir.fr\/wp-content\/uploads\/2022\/11\/2022-07-14-ouest-france-001-300x251.jpg 300w, https:\/\/www.lespapiersdelespoir.fr\/wp-content\/uploads\/2022\/11\/2022-07-14-ouest-france-001-918x768.jpg 918w, https:\/\/www.lespapiersdelespoir.fr\/wp-content\/uploads\/2022\/11\/2022-07-14-ouest-france-001-768x642.jpg 768w, https:\/\/www.lespapiersdelespoir.fr\/wp-content\/uploads\/2022\/11\/2022-07-14-ouest-france-001-1536x1285.jpg 1536w, https:\/\/www.lespapiersdelespoir.fr\/wp-content\/uploads\/2022\/11\/2022-07-14-ouest-france-001-2048x1713.jpg 2048w\" sizes=\"auto, (max-width: 600px) 100vw, 600px\" \/><span class=\"w-gallery-item-hover\"><\/span><span class=\"w-gallery-item-title\">2022-07-14-ouest-france-001<\/span><\/a><a class=\"w-gallery-item order_3 animate_reveal\" href=\"https:\/\/www.lespapiersdelespoir.fr\/wp-content\/uploads\/2024\/04\/20240419_121227-scaled.jpg\" title=\"20240419_121227\"><img loading=\"lazy\" decoding=\"async\" width=\"600\" height=\"431\" src=\"https:\/\/www.lespapiersdelespoir.fr\/wp-content\/uploads\/2024\/04\/20240419_121227-600x431.jpg\" class=\"w-gallery-item-img\" alt=\"\" srcset=\"https:\/\/www.lespapiersdelespoir.fr\/wp-content\/uploads\/2024\/04\/20240419_121227-600x431.jpg 600w, https:\/\/www.lespapiersdelespoir.fr\/wp-content\/uploads\/2024\/04\/20240419_121227-300x215.jpg 300w, https:\/\/www.lespapiersdelespoir.fr\/wp-content\/uploads\/2024\/04\/20240419_121227-1024x735.jpg 1024w, https:\/\/www.lespapiersdelespoir.fr\/wp-content\/uploads\/2024\/04\/20240419_121227-768x551.jpg 768w, https:\/\/www.lespapiersdelespoir.fr\/wp-content\/uploads\/2024\/04\/20240419_121227-1536x1102.jpg 1536w, https:\/\/www.lespapiersdelespoir.fr\/wp-content\/uploads\/2024\/04\/20240419_121227-2048x1470.jpg 2048w\" sizes=\"auto, (max-width: 600px) 100vw, 600px\" \/><span class=\"w-gallery-item-hover\"><\/span><span class=\"w-gallery-item-title\">20240419_121227<\/span><\/a><a class=\"w-gallery-item order_4 animate_reveal\" href=\"https:\/\/www.lespapiersdelespoir.fr\/wp-content\/uploads\/2019\/11\/Hebdo-SM-10-10-2019.jpg\" title=\"Hebdo SM 10-10-2019\"><img loading=\"lazy\" decoding=\"async\" width=\"600\" height=\"562\" src=\"https:\/\/www.lespapiersdelespoir.fr\/wp-content\/uploads\/2019\/11\/Hebdo-SM-10-10-2019-600x562.jpg\" class=\"w-gallery-item-img\" alt=\"\" srcset=\"https:\/\/www.lespapiersdelespoir.fr\/wp-content\/uploads\/2019\/11\/Hebdo-SM-10-10-2019-600x562.jpg 600w, https:\/\/www.lespapiersdelespoir.fr\/wp-content\/uploads\/2019\/11\/Hebdo-SM-10-10-2019-300x281.jpg 300w, https:\/\/www.lespapiersdelespoir.fr\/wp-content\/uploads\/2019\/11\/Hebdo-SM-10-10-2019-768x720.jpg 768w, https:\/\/www.lespapiersdelespoir.fr\/wp-content\/uploads\/2019\/11\/Hebdo-SM-10-10-2019-819x768.jpg 819w, https:\/\/www.lespapiersdelespoir.fr\/wp-content\/uploads\/2019\/11\/Hebdo-SM-10-10-2019.jpg 1451w\" sizes=\"auto, (max-width: 600px) 100vw, 600px\" \/><span class=\"w-gallery-item-hover\"><\/span><span class=\"w-gallery-item-title\">Hebdo SM 10-10-2019<\/span><\/a><a class=\"w-gallery-item order_5 animate_reveal\" href=\"https:\/\/www.lespapiersdelespoir.fr\/wp-content\/uploads\/2018\/12\/2018-11-17-ouest-france.jpg\" title=\"2018-11-17 ouest france\"><img loading=\"lazy\" decoding=\"async\" width=\"600\" height=\"511\" src=\"https:\/\/www.lespapiersdelespoir.fr\/wp-content\/uploads\/2018\/12\/2018-11-17-ouest-france-600x511.jpg\" class=\"w-gallery-item-img\" alt=\"\" srcset=\"https:\/\/www.lespapiersdelespoir.fr\/wp-content\/uploads\/2018\/12\/2018-11-17-ouest-france-600x511.jpg 600w, https:\/\/www.lespapiersdelespoir.fr\/wp-content\/uploads\/2018\/12\/2018-11-17-ouest-france-300x255.jpg 300w, https:\/\/www.lespapiersdelespoir.fr\/wp-content\/uploads\/2018\/12\/2018-11-17-ouest-france-768x654.jpg 768w, https:\/\/www.lespapiersdelespoir.fr\/wp-content\/uploads\/2018\/12\/2018-11-17-ouest-france.jpg 860w\" sizes=\"auto, (max-width: 600px) 100vw, 600px\" \/><span class=\"w-gallery-item-hover\"><\/span><span class=\"w-gallery-item-title\">2018-11-17 ouest france<\/span><\/a><a class=\"w-gallery-item order_6 animate_reveal\" href=\"https:\/\/www.lespapiersdelespoir.fr\/wp-content\/uploads\/2018\/12\/Article-Hebdo-S-Maine-2018-04.jpg\" title=\"Article Hebdo S Maine 2018-04\"><img loading=\"lazy\" decoding=\"async\" width=\"600\" height=\"848\" src=\"https:\/\/www.lespapiersdelespoir.fr\/wp-content\/uploads\/2018\/12\/Article-Hebdo-S-Maine-2018-04-600x848.jpg\" class=\"w-gallery-item-img\" alt=\"\" srcset=\"https:\/\/www.lespapiersdelespoir.fr\/wp-content\/uploads\/2018\/12\/Article-Hebdo-S-Maine-2018-04-600x848.jpg 600w, https:\/\/www.lespapiersdelespoir.fr\/wp-content\/uploads\/2018\/12\/Article-Hebdo-S-Maine-2018-04-212x300.jpg 212w, https:\/\/www.lespapiersdelespoir.fr\/wp-content\/uploads\/2018\/12\/Article-Hebdo-S-Maine-2018-04-768x1085.jpg 768w, https:\/\/www.lespapiersdelespoir.fr\/wp-content\/uploads\/2018\/12\/Article-Hebdo-S-Maine-2018-04-543x768.jpg 543w\" sizes=\"auto, (max-width: 600px) 100vw, 600px\" \/><span class=\"w-gallery-item-hover\"><\/span><span class=\"w-gallery-item-title\">Article Hebdo S Maine 2018-04<\/span><\/a><a class=\"w-gallery-item order_7 animate_reveal\" href=\"https:\/\/www.lespapiersdelespoir.fr\/wp-content\/uploads\/2014\/10\/Papiers-004.jpg\" title=\"Papiers 004\"><img loading=\"lazy\" decoding=\"async\" width=\"600\" height=\"933\" src=\"https:\/\/www.lespapiersdelespoir.fr\/wp-content\/uploads\/2014\/10\/Papiers-004.jpg\" class=\"w-gallery-item-img\" alt=\"\" srcset=\"https:\/\/www.lespapiersdelespoir.fr\/wp-content\/uploads\/2014\/10\/Papiers-004.jpg 1328w, https:\/\/www.lespapiersdelespoir.fr\/wp-content\/uploads\/2014\/10\/Papiers-004-193x300.jpg 193w, https:\/\/www.lespapiersdelespoir.fr\/wp-content\/uploads\/2014\/10\/Papiers-004-494x768.jpg 494w\" sizes=\"auto, (max-width: 600px) 100vw, 600px\" \/><span class=\"w-gallery-item-hover\"><\/span><span class=\"w-gallery-item-title\">Papiers 004<\/span><\/a><a class=\"w-gallery-item order_8 animate_reveal\" href=\"https:\/\/www.lespapiersdelespoir.fr\/wp-content\/uploads\/2014\/10\/Papiers-005.jpg\" title=\"Papiers 005\"><img loading=\"lazy\" decoding=\"async\" width=\"600\" height=\"465\" src=\"https:\/\/www.lespapiersdelespoir.fr\/wp-content\/uploads\/2014\/10\/Papiers-005.jpg\" class=\"w-gallery-item-img\" alt=\"\" srcset=\"https:\/\/www.lespapiersdelespoir.fr\/wp-content\/uploads\/2014\/10\/Papiers-005.jpg 2128w, https:\/\/www.lespapiersdelespoir.fr\/wp-content\/uploads\/2014\/10\/Papiers-005-300x232.jpg 300w, https:\/\/www.lespapiersdelespoir.fr\/wp-content\/uploads\/2014\/10\/Papiers-005-991x768.jpg 991w\" sizes=\"auto, (max-width: 600px) 100vw, 600px\" \/><span class=\"w-gallery-item-hover\"><\/span><span class=\"w-gallery-item-title\">Papiers 005<\/span><\/a><a class=\"w-gallery-item order_9 animate_reveal\" href=\"https:\/\/www.lespapiersdelespoir.fr\/wp-content\/uploads\/2011\/10\/PE1-008.jpg\" title=\"Hebdo S\u00e8vre et Maine\"><img loading=\"lazy\" decoding=\"async\" width=\"600\" height=\"455\" src=\"https:\/\/www.lespapiersdelespoir.fr\/wp-content\/uploads\/2011\/10\/PE1-008.jpg\" class=\"w-gallery-item-img\" alt=\"\" srcset=\"https:\/\/www.lespapiersdelespoir.fr\/wp-content\/uploads\/2011\/10\/PE1-008.jpg 3248w, https:\/\/www.lespapiersdelespoir.fr\/wp-content\/uploads\/2011\/10\/PE1-008-300x227.jpg 300w, https:\/\/www.lespapiersdelespoir.fr\/wp-content\/uploads\/2011\/10\/PE1-008-1012x768.jpg 1012w\" sizes=\"auto, (max-width: 600px) 100vw, 600px\" \/><span class=\"w-gallery-item-hover\"><\/span><span class=\"w-gallery-item-title\">Hebdo S\u00e8vre et Maine<\/span><\/a><a class=\"w-gallery-item order_10 animate_reveal\" href=\"https:\/\/www.lespapiersdelespoir.fr\/wp-content\/uploads\/2011\/10\/PE1-005.jpg\" title=\"Ouest-France du 05 mars 2012\"><img loading=\"lazy\" decoding=\"async\" width=\"600\" height=\"567\" src=\"https:\/\/www.lespapiersdelespoir.fr\/wp-content\/uploads\/2011\/10\/PE1-005.jpg\" class=\"w-gallery-item-img\" alt=\"\" srcset=\"https:\/\/www.lespapiersdelespoir.fr\/wp-content\/uploads\/2011\/10\/PE1-005.jpg 2032w, https:\/\/www.lespapiersdelespoir.fr\/wp-content\/uploads\/2011\/10\/PE1-005-300x283.jpg 300w, https:\/\/www.lespapiersdelespoir.fr\/wp-content\/uploads\/2011\/10\/PE1-005-812x768.jpg 812w\" sizes=\"auto, (max-width: 600px) 100vw, 600px\" \/><span class=\"w-gallery-item-hover\"><\/span><span class=\"w-gallery-item-title\">Ouest-France du 05 mars 2012<\/span><\/a><a class=\"w-gallery-item order_11 animate_reveal\" href=\"https:\/\/www.lespapiersdelespoir.fr\/wp-content\/uploads\/2011\/10\/PE1-004.jpg\" title=\"Ouest-France du 02 mars 2012\"><img loading=\"lazy\" decoding=\"async\" width=\"600\" height=\"932\" src=\"https:\/\/www.lespapiersdelespoir.fr\/wp-content\/uploads\/2011\/10\/PE1-004.jpg\" class=\"w-gallery-item-img\" alt=\"\" srcset=\"https:\/\/www.lespapiersdelespoir.fr\/wp-content\/uploads\/2011\/10\/PE1-004.jpg 1360w, https:\/\/www.lespapiersdelespoir.fr\/wp-content\/uploads\/2011\/10\/PE1-004-193x300.jpg 193w, https:\/\/www.lespapiersdelespoir.fr\/wp-content\/uploads\/2011\/10\/PE1-004-494x768.jpg 494w\" sizes=\"auto, (max-width: 600px) 100vw, 600px\" \/><span class=\"w-gallery-item-hover\"><\/span><span class=\"w-gallery-item-title\">Ouest-France du 02 mars 2012<\/span><\/a><a class=\"w-gallery-item order_12 animate_reveal\" href=\"https:\/\/www.lespapiersdelespoir.fr\/wp-content\/uploads\/2011\/10\/Image-01.jpg\" title=\"Vertou Magazine Avril\"><img loading=\"lazy\" decoding=\"async\" width=\"600\" height=\"820\" src=\"https:\/\/www.lespapiersdelespoir.fr\/wp-content\/uploads\/2011\/10\/Image-01.jpg\" class=\"w-gallery-item-img\" alt=\"\" srcset=\"https:\/\/www.lespapiersdelespoir.fr\/wp-content\/uploads\/2011\/10\/Image-01.jpg 1691w, https:\/\/www.lespapiersdelespoir.fr\/wp-content\/uploads\/2011\/10\/Image-01-219x300.jpg 219w, https:\/\/www.lespapiersdelespoir.fr\/wp-content\/uploads\/2011\/10\/Image-01-561x768.jpg 561w\" sizes=\"auto, (max-width: 600px) 100vw, 600px\" \/><span class=\"w-gallery-item-hover\"><\/span><span class=\"w-gallery-item-title\">Vertou Magazine Avril<\/span><\/a><a class=\"w-gallery-item order_13 animate_reveal\" href=\"https:\/\/www.lespapiersdelespoir.fr\/wp-content\/uploads\/2011\/10\/article-vertou-magazine-001.jpg\" title=\"VERTOU Magazine Septembre 2012\"><img loading=\"lazy\" decoding=\"async\" width=\"600\" height=\"611\" src=\"https:\/\/www.lespapiersdelespoir.fr\/wp-content\/uploads\/2011\/10\/article-vertou-magazine-001.jpg\" class=\"w-gallery-item-img\" alt=\"\" srcset=\"https:\/\/www.lespapiersdelespoir.fr\/wp-content\/uploads\/2011\/10\/article-vertou-magazine-001.jpg 1696w, https:\/\/www.lespapiersdelespoir.fr\/wp-content\/uploads\/2011\/10\/article-vertou-magazine-001-294x300.jpg 294w, https:\/\/www.lespapiersdelespoir.fr\/wp-content\/uploads\/2011\/10\/article-vertou-magazine-001-753x768.jpg 753w\" sizes=\"auto, (max-width: 600px) 100vw, 600px\" \/><span class=\"w-gallery-item-hover\"><\/span><span class=\"w-gallery-item-title\">VERTOU Magazine Septembre 2012<\/span><\/a><a class=\"w-gallery-item order_14 animate_reveal\" href=\"https:\/\/www.lespapiersdelespoir.fr\/wp-content\/uploads\/2011\/10\/hebdo_18_avril_21.jpg\" title=\"hebdo_18_avril_2\"><img loading=\"lazy\" decoding=\"async\" width=\"600\" height=\"429\" src=\"https:\/\/www.lespapiersdelespoir.fr\/wp-content\/uploads\/2011\/10\/hebdo_18_avril_21.jpg\" class=\"w-gallery-item-img\" alt=\"\" srcset=\"https:\/\/www.lespapiersdelespoir.fr\/wp-content\/uploads\/2011\/10\/hebdo_18_avril_21.jpg 1744w, https:\/\/www.lespapiersdelespoir.fr\/wp-content\/uploads\/2011\/10\/hebdo_18_avril_21-300x214.jpg 300w, https:\/\/www.lespapiersdelespoir.fr\/wp-content\/uploads\/2011\/10\/hebdo_18_avril_21-1024x732.jpg 1024w\" sizes=\"auto, (max-width: 600px) 100vw, 600px\" \/><span class=\"w-gallery-item-hover\"><\/span><span class=\"w-gallery-item-title\">hebdo_18_avril_2<\/span><\/a><a class=\"w-gallery-item order_15 animate_reveal\" href=\"https:\/\/www.lespapiersdelespoir.fr\/wp-content\/uploads\/2013\/11\/B\u00e9n\u00e9voles_St-Nazaire.jpeg\" title=\"B\u00e9n\u00e9voles_St-Nazaire\"><img loading=\"lazy\" decoding=\"async\" width=\"600\" height=\"711\" src=\"https:\/\/www.lespapiersdelespoir.fr\/wp-content\/uploads\/2013\/11\/B\u00e9n\u00e9voles_St-Nazaire.jpeg\" class=\"w-gallery-item-img\" alt=\"\" srcset=\"https:\/\/www.lespapiersdelespoir.fr\/wp-content\/uploads\/2013\/11\/B\u00e9n\u00e9voles_St-Nazaire.jpeg 1296w, https:\/\/www.lespapiersdelespoir.fr\/wp-content\/uploads\/2013\/11\/B\u00e9n\u00e9voles_St-Nazaire-253x300.jpg 253w, https:\/\/www.lespapiersdelespoir.fr\/wp-content\/uploads\/2013\/11\/B\u00e9n\u00e9voles_St-Nazaire-648x768.jpg 648w\" sizes=\"auto, (max-width: 600px) 100vw, 600px\" \/><span class=\"w-gallery-item-hover\"><\/span><span class=\"w-gallery-item-title\">B\u00e9n\u00e9voles_St-Nazaire<\/span><\/a><\/div><\/div>\n<\/div><\/div><\/div><div class=\"w-tabs-section\" id=\"1528918830729-c95d78ad-ba97\"><a href=\"#1528918830729-c95d78ad-ba97\" class=\"w-tabs-section-header\"><div class=\"w-tabs-section-header-h\"><h5 class=\"w-tabs-section-title\">T\u00e9l\u00e9vison<\/h5><div class=\"w-tabs-section-control\"><\/div><\/div><\/a><div class=\"w-tabs-section-content\"><div class=\"w-tabs-section-content-h i-cf\"><div class=\"g-cols wpb_row offset_medium vc_inner \"><div class=\" one-third\"><div class=\"wpb_text_column \"><div class=\"wpb_wrapper\"><strong>France 3<\/strong><br \/>\nJournal t\u00e9l\u00e9vis\u00e9 \u00e9dition estuaire du 7\/10\/2014<\/div> <\/div> [vc_empty_space height=\u00a0\u00bb30&Prime;]<div class=\"wpb_text_column \"><div class=\"wpb_wrapper\"><a href=\"https:\/\/www.lespapiersdelespoir.fr\/wp-content\/uploads\/2014\/10\/TVE_papiers-de-l-espoir_000015HM_bleu.mp4\">TVE_papiers de l espoir_000015HM_bleu<\/a><\/div> <\/div> <\/div><div class=\" one-third\"><div class=\"wpb_text_column \"><div class=\"wpb_wrapper\"><strong>TV Nantes<br \/>\n<\/strong>18H00 du 06\/10\/2014.<\/p>\n<p>Avancez jusqu&rsquo;au compteur 09.56 (d\u00e9but de l&rsquo;interview)<\/div> <\/div> <div class=\"w-video ratio_16x9\"><div class=\"w-video-h\"><iframe loading=\"lazy\" frameborder=\"0\" width=\"1500\" height=\"843\" src=\"https:\/\/www.dailymotion.com\/embed\/video\/x27fcfg\" allowfullscreen allow=\"autoplay\"><\/iframe><\/div><\/div><\/div><div class=\" one-third\"><div class=\"wpb_text_column \"><div class=\"wpb_wrapper\"><strong>TV S\u00e8vre et Maine<br \/>\n<\/strong> 15\/10\/2014<\/div> <\/div> [vc_empty_space height=\u00a0\u00bb30&Prime;]<div class=\"wpb_text_column \"><div class=\"wpb_wrapper\"><a href=\"http:\/\/www.tvsevreetmaine.fr\/flv\/1626.mp4\" target=\"_blank\" rel=\"noopener\"><img loading=\"lazy\" decoding=\"async\" class=\"alignnone size-medium wp-image-5597\" src=\"https:\/\/www.lespapiersdelespoir.fr\/wp-content\/uploads\/2018\/06\/2018-06-13_222522-300x169.jpg\" alt=\"\" width=\"300\" height=\"169\" srcset=\"https:\/\/www.lespapiersdelespoir.fr\/wp-content\/uploads\/2018\/06\/2018-06-13_222522-300x169.jpg 300w, https:\/\/www.lespapiersdelespoir.fr\/wp-content\/uploads\/2018\/06\/2018-06-13_222522-768x433.jpg 768w, https:\/\/www.lespapiersdelespoir.fr\/wp-content\/uploads\/2018\/06\/2018-06-13_222522-600x338.jpg 600w, https:\/\/www.lespapiersdelespoir.fr\/wp-content\/uploads\/2018\/06\/2018-06-13_222522.jpg 899w\" sizes=\"auto, (max-width: 300px) 100vw, 300px\" \/><\/a><\/div> <\/div> <\/div><\/div><\/div><\/div><\/div><\/div><\/div><\/div><\/div><\/div><\/div><\/section>\n","protected":false},"excerpt":{"rendered":"M\u00e9dias Presse \u00e9crite T\u00e9l\u00e9vison Presse \u00e9crite20240419_1211352022-07-14-ouest-france-00120240419_121227Hebdo SM 10-10-20192018-11-17 ouest franceArticle Hebdo S Maine 2018-04Papiers 004Papiers 005Hebdo S\u00e8vre et MaineOuest-France du 05 mars 2012Ouest-France du 02 mars 2012Vertou Magazine AvrilVERTOU Magazine Septembre 2012hebdo_18_avril_2B\u00e9n\u00e9voles_St-Nazaire T\u00e9l\u00e9visonFrance 3 Journal t\u00e9l\u00e9vis\u00e9 \u00e9dition estuaire du 7\/10\/2014...","protected":false},"author":1,"featured_media":0,"parent":0,"menu_order":0,"comment_status":"closed","ping_status":"closed","template":"","meta":{"footnotes":""},"class_list":["post-5590","page","type-page","status-publish","hentry"],"_links":{"self":[{"href":"https:\/\/www.lespapiersdelespoir.fr\/index.php?rest_route=\/wp\/v2\/pages\/5590","targetHints":{"allow":["GET"]}}],"collection":[{"href":"https:\/\/www.lespapiersdelespoir.fr\/index.php?rest_route=\/wp\/v2\/pages"}],"about":[{"href":"https:\/\/www.lespapiersdelespoir.fr\/index.php?rest_route=\/wp\/v2\/types\/page"}],"author":[{"embeddable":true,"href":"https:\/\/www.lespapiersdelespoir.fr\/index.php?rest_route=\/wp\/v2\/users\/1"}],"replies":[{"embeddable":true,"href":"https:\/\/www.lespapiersdelespoir.fr\/index.php?rest_route=%2Fwp%2Fv2%2Fcomments&post=5590"}],"version-history":[{"count":21,"href":"https:\/\/www.lespapiersdelespoir.fr\/index.php?rest_route=\/wp\/v2\/pages\/5590\/revisions"}],"predecessor-version":[{"id":5874,"href":"https:\/\/www.lespapiersdelespoir.fr\/index.php?rest_route=\/wp\/v2\/pages\/5590\/revisions\/5874"}],"wp:attachment":[{"href":"https:\/\/www.lespapiersdelespoir.fr\/index.php?rest_route=%2Fwp%2Fv2%2Fmedia&parent=5590"}],"curies":[{"name":"wp","href":"https:\/\/api.w.org\/{rel}","templated":true}]}}