{"id":5455,"date":"2018-06-07T11:34:31","date_gmt":"2018-06-07T09:34:31","guid":{"rendered":"http:\/\/www.olivier-richard.fr\/wpk2\/?page_id=5455"},"modified":"2018-12-17T11:23:50","modified_gmt":"2018-12-17T09:23:50","slug":"a-letranger","status":"publish","type":"page","link":"https:\/\/www.lespapiersdelespoir.fr\/?page_id=5455","title":{"rendered":"Nos actions \u00e0 l&rsquo;\u00e9tranger"},"content":{"rendered":"<section class=\"l-section wpb_row height_medium\"><div class=\"l-section-h i-cf\"><div class=\"g-cols offset_medium\"><div class=\" full-width\"><div class=\"w-tabs navpos_left navwidth_auto title_left layout_ver icon_chevron iconpos_right \"><div class=\"w-tabs-list items_4\"><div class=\"w-tabs-list-h\"><div class=\"w-tabs-item active\"><a href=\"#1528367620369-fa60dae2-0238\" class=\"w-tabs-item-h\"><span class=\"w-tabs-item-title\">A Madagascar<\/span><\/a><\/div>\n<div class=\"w-tabs-item\"><a href=\"#1528367744659-183892e8-c581\" class=\"w-tabs-item-h\"><span class=\"w-tabs-item-title\">En Haiti<\/span><\/a><\/div>\n<div class=\"w-tabs-item\"><a href=\"#1528367977231-0060bd6a-a8d3\" class=\"w-tabs-item-h\"><span class=\"w-tabs-item-title\">Au S\u00e9n\u00e9gal<\/span><\/a><\/div>\n<div class=\"w-tabs-item\"><a href=\"#1528368025676-ea772968-27e3\" class=\"w-tabs-item-h\"><span class=\"w-tabs-item-title\">Au V\u00e9n\u00e9zuela<\/span><\/a><\/div>\n<\/div><\/div><div class=\"w-tabs-sections\"><div class=\"w-tabs-sections-h\"><div class=\"w-tabs-section active\" id=\"1528367620369-fa60dae2-0238\"><a href=\"#1528367620369-fa60dae2-0238\" class=\"w-tabs-section-header\"><div class=\"w-tabs-section-header-h\"><h5 class=\"w-tabs-section-title\">A Madagascar<\/h5><div class=\"w-tabs-section-control\"><\/div><\/div><\/a><div class=\"w-tabs-section-content\"><div class=\"w-tabs-section-content-h i-cf\"><div class=\"wpb_text_column \"><div class=\"wpb_wrapper\"><p>Par l\u2019interm\u00e9diaire de l\u2019Association AGIR, sur un territoire en grande difficult\u00e9 o\u00f9 r\u00e8gne la famine, \u00a0l\u2019action de FORMATION D\u2019AGRICULTEURS \u00e0 des m\u00e9thodes de cultures plus productivistes visant \u00e0 contribuer \u00e0 la s\u00e9curit\u00e9 alimentaire d\u2019une population de 26 000 habitants de la commune de Alatsinainy bakaro. Sur 3 ans &#8211; de 2016 \u00e0 2018 &#8211; l\u2019aide de 6 000 \u20ac\/an des Papiers de l\u2019Espoir a permis notamment le recrutement d\u2019un Conseiller Agricole dipl\u00f4m\u00e9 affect\u00e9 \u00e0 la formation de 80 agriculteurs chaque ann\u00e9e soit un total de 240 agriculteurs. Ce technicien, comp\u00e9tent a \u00e9t\u00e9 bien adopt\u00e9 par les agriculteurs qui ont accept\u00e9 de remettre en cause leurs techniques ancestrales de culture et, selon les derniers rapports, la production de riz, pommes de terre, haricots a \u00e9t\u00e9 multipli\u00e9e par deux et m\u00eame par trois ou plus. Ces r\u00e9sultats ont un effet d\u2019entra\u00eenement et des paysans relais transmettent leurs acquits exp\u00e9rimentaux. La dynamique est enclench\u00e9e et devrait pouvoir durer sans notre aide<strong>.<\/strong><\/p>\n<\/p><\/div> <\/div> <\/div><\/div><\/div><div class=\"w-tabs-section\" id=\"1528367744659-183892e8-c581\"><a href=\"#1528367744659-183892e8-c581\" class=\"w-tabs-section-header\"><div class=\"w-tabs-section-header-h\"><h5 class=\"w-tabs-section-title\">En Haiti<\/h5><div class=\"w-tabs-section-control\"><\/div><\/div><\/a><div class=\"w-tabs-section-content\"><div class=\"w-tabs-section-content-h i-cf\"><div class=\"wpb_text_column \"><div class=\"wpb_wrapper\"><p>Nous soutenons depuis 2005 l\u2019Association Ayti Education pour l\u2019Ecole Normale Jules Verne de P\u00e9tionville. Nous soutenons \u00e9galement depuis 2008, \u00e0 travers l\u2019Association Soley Leve, le d\u00e9veloppement de l\u2019Ecole Vent d\u2019Espoir de Gentillotte qui est pass\u00e9e progressivement de 2 \u00e0 7 classes. Suite au tremblement de terre de Janvier 2010 et \u00e9galement suite \u00e0 une mission d\u2019un de nos b\u00e9n\u00e9voles sur place nous avons d\u00e9velopp\u00e9 un projet de construction d\u2019une cantine, de forage d\u2019un puits d\u2019alimentation en eau et de l\u2019\u00e9quipement sanitaire correspondant : toilettes, panneaux solaires et pompe \u00e9lectrique, le tout en collaboration avec la Ville de Vertou. Nous avons, depuis, pris en charge une grande partie des frais de cantine pour les 300 \u00e9l\u00e8ves.<\/p><\/div> <\/div> <div class=\"w-video ratio_16x9\"><div class=\"w-video-h\"><iframe loading=\"lazy\" width=\"420\" height=\"315\" src=\"\/\/www.youtube.com\/embed\/9WXTdh6wQIU\" allowfullscreen><\/iframe><\/div><\/div><\/div><\/div><\/div><div class=\"w-tabs-section\" id=\"1528367977231-0060bd6a-a8d3\"><a href=\"#1528367977231-0060bd6a-a8d3\" class=\"w-tabs-section-header\"><div class=\"w-tabs-section-header-h\"><h5 class=\"w-tabs-section-title\">Au S\u00e9n\u00e9gal<\/h5><div class=\"w-tabs-section-control\"><\/div><\/div><\/a><div class=\"w-tabs-section-content\"><div class=\"w-tabs-section-content-h i-cf\"><div class=\"wpb_text_column \"><div class=\"wpb_wrapper\"><p>Commenc\u00e9 en 2005 pour une premi\u00e8re \u00e9cole de 78 enfants, aujourd\u2019hui notre partenariat au S\u00e9n\u00e9gal couvre 15 \u00e9coles comptabilisant 4285 \u00e9l\u00e8ves.Gr\u00e2ce \u00e0 une gestion rigoureuse, concert\u00e9e et une volont\u00e9 in\u00e9branlable de Papiers de l\u2019Espoir \u00e0 soutenir les populations vuln\u00e9rables \u00e0 travers le Monde, ce partenariat a incontestablement prosp\u00e9r\u00e9 au-del\u00e0 de toute esp\u00e9rance.<\/p><\/div> <\/div> <\/div><\/div><\/div><div class=\"w-tabs-section\" id=\"1528368025676-ea772968-27e3\"><a href=\"#1528368025676-ea772968-27e3\" class=\"w-tabs-section-header\"><div class=\"w-tabs-section-header-h\"><h5 class=\"w-tabs-section-title\">Au V\u00e9n\u00e9zuela<\/h5><div class=\"w-tabs-section-control\"><\/div><\/div><\/a><div class=\"w-tabs-section-content\"><div class=\"w-tabs-section-content-h i-cf\"><div class=\"wpb_text_column \"><div class=\"wpb_wrapper\"><p>Pour les enfants d\u00e9favoris\u00e9s du Venezuela l\u2019\u00e9dition des \u00ab\u00a0<strong>Livres de Vie<\/strong>\u00a0\u00bb s\u2019\u00e9tend \u00e0 15 \u00e9coles du pays. Un fran\u00e7ais met en place de projets \u00e9ducatifs que Papiers de l\u2019Espoir contribue \u00e0 financer.<\/p><\/div> <\/div> <\/div><\/div><\/div><\/div><\/div><\/div><\/div><\/div><\/div><\/section>\n","protected":false},"excerpt":{"rendered":"A Madagascar En Haiti Au S\u00e9n\u00e9gal Au V\u00e9n\u00e9zuela A MadagascarPar l\u2019interm\u00e9diaire de l\u2019Association AGIR, sur un territoire en grande difficult\u00e9 o\u00f9 r\u00e8gne la famine, \u00a0l\u2019action de FORMATION D\u2019AGRICULTEURS \u00e0 des m\u00e9thodes de cultures plus productivistes visant \u00e0 contribuer \u00e0 la...","protected":false},"author":1,"featured_media":0,"parent":0,"menu_order":0,"comment_status":"closed","ping_status":"closed","template":"","meta":{"footnotes":""},"class_list":["post-5455","page","type-page","status-publish","hentry"],"_links":{"self":[{"href":"https:\/\/www.lespapiersdelespoir.fr\/index.php?rest_route=\/wp\/v2\/pages\/5455","targetHints":{"allow":["GET"]}}],"collection":[{"href":"https:\/\/www.lespapiersdelespoir.fr\/index.php?rest_route=\/wp\/v2\/pages"}],"about":[{"href":"https:\/\/www.lespapiersdelespoir.fr\/index.php?rest_route=\/wp\/v2\/types\/page"}],"author":[{"embeddable":true,"href":"https:\/\/www.lespapiersdelespoir.fr\/index.php?rest_route=\/wp\/v2\/users\/1"}],"replies":[{"embeddable":true,"href":"https:\/\/www.lespapiersdelespoir.fr\/index.php?rest_route=%2Fwp%2Fv2%2Fcomments&post=5455"}],"version-history":[{"count":5,"href":"https:\/\/www.lespapiersdelespoir.fr\/index.php?rest_route=\/wp\/v2\/pages\/5455\/revisions"}],"predecessor-version":[{"id":5731,"href":"https:\/\/www.lespapiersdelespoir.fr\/index.php?rest_route=\/wp\/v2\/pages\/5455\/revisions\/5731"}],"wp:attachment":[{"href":"https:\/\/www.lespapiersdelespoir.fr\/index.php?rest_route=%2Fwp%2Fv2%2Fmedia&parent=5455"}],"curies":[{"name":"wp","href":"https:\/\/api.w.org\/{rel}","templated":true}]}}